hat is the hundreds digit of 2461231580?
5
What is the ten millions digit of 516801841?
1
What is the tens digit of 263929704?
0
What is the tens digit of 935034548?
4
What is the millions digit of 67298930?
7
What is the ten millions digit of 664363302?
6
What is the tens digit of 65666133?
3
What is the ten millions digit of 151322877?
5
What is the tens digit of 562141729?
2
What is the units digit of 251268068?
8
What is the units digit of 55641407?
7
What is the ten thousands digit of 32409485?
0
What is the units digit of 26702220?
0
What is the units digit of 1079569029?
9
What is the hundred thousands digit of 135245657?
2
What is the hundred millions digit of 346620434?
3
What is the tens digit of 461393913?
1
What is the tens digit of 27944959?
5
What is the hundred millions digit of 1278956300?
2
What is the thousands digit of 1421418676?
8
What is the ten millions digit of 3333809657?
3
What is the hundred thousands digit of 1057622121?
6
What is the thousands digit of 69524532?
4
What is the millions digit of 30762436?
0
What is the millions digit of 187421787?
7
What is the hundred millions digit of 232509178?
2
What is the ten thousands digit of 38778245?
7
What is the hundred thousands digit of 4316472953?
4
What is the tens digit of 50950107?
0
What is the ten millions digit of 66294015?
6
What is the hundreds digit of 5671365768?
7
What is the hundred millions digit of 136796374?
1
What is the ten thousands digit of 384288954?
8
What is the hundreds digit of 42003857?
8
What is the hundreds digit of 56508831?
8
What is the ten millions digit of 119951341?
1
What is the tens digit of 21594067?
6
What is the tens digit of 277030?
3
What is the hundred thousands digit of 287977318?
9
What is the hundred thousands digit of 5832486188?
4
What is the millions digit of 8369133?
8
What is the ten thousands digit of 18211726?
1
What is the hundred millions digit of 577317315?
5
What is the units digit of 41208699?
9
What is the units digit of 76431461?
1
What is the units digit of 63958646?
6
What is the hundred thousands digit of 908400500?
4
What is the tens digit of 4962634377?
7
What is the tens digit of 284124842?
4
What is the hundred millions digit of 4387029404?
3
What is the ten thousands digit of 137285660?
8
What is the tens digit of 314946556?
5
What is the hundred thousands digit of 18264110?
2
What is the hundred thousands digit of 213075849?
0
What is the millions digit of 104037803?
4
What is the millions digit of 606134951?
6
What is the ten millions digit of 702845184?
0
What is the hundred thousands digit of 195468329?
4
What is the ten millions digit of 1004081739?
0
What is the thousands digit of 258782658?
2
What is the hundreds digit of 419000559?
5
What is the units digit of 47615061?
1
What is the ten millions digit of 132717639?
3
What is the hundred millions digit of 2465451339?
4
What is the millions digit of 207963740?
7
What is the ten thousands digit of 696987987?
8
What is the ten thousands digit of 55435301?
3
What is the ten thousands digit of 106426330?
2
What is the tens digit of 63882411?
1
What is the units digit of 161412363?
3
What is the tens digit of 3819792?
9
What is the ten thousands digit of 574048359?
4
What is the ten thousands digit of 1836331784?
3
What is the hundred thousands digit of 98383319?
3
What is the thousands digit of 247287007?
7
What is the tens digit of 2465445355?
5
What is the hundreds digit of 142377916?
9
What is the thousands digit of 453489433?
9
What is the ten thousands digit of 572968948?
6
What is the ten thousands digit of 1099148657?
4
What is the hundreds digit of 857480979?
9
What is the ten thousands digit of 99821859?
2
What is the ten thousands digit of 3397633103?
3
What is the hundreds digit of 87298936?
9
What is the units digit of 273944741?
1
What is the units digit of 2340258672?
2
What is the billions digit of 1309259327?
1
What is the millions digit of 165033285?
5
What is the hundred thousands digit of 68771068?
7
What is the billions digit of 1368791299?
1
What is the ten thousands digit of 1426198066?
9
What is the thousands digit of 93842923?
2
What is the billions digit of 1051015624?
1
What is the ten millions digit of 83360966?
8
What is the tens digit of 80982986?
8
What is the millions digit of 101296420?
1
What is the hundreds digit of 53005376?
3
What is the ten millions digit of 1358112393?
5
What is the hundred millions digit of 156723593?
1
What is the thousands digit of 8753171?
3
What is the millions digit of 3096420706?
6
What is the millions digit of 3836426589?
6
What is the thousands digit of 109088707?
8
What is the hundred thousands digit of 394641954?
6
What is the ten millions digit of 93968379?
9
What is the ten millions digit of 101512623?
0
What is the hundreds digit of 1336377385?
3
What is the ten thousands digit of 2889623212?
2
What is the hundreds digit of 535401715?
7
What is the billions digit of 1747124114?
1
What is the millions digit of 136716442?
6
What is the thousands digit of 163177993?
7
What is the ten millions digit of 2936231752?
3
What is the hundreds digit of 246670254?
2
What is the hundred thousands digit of 14593697?
5
What is the units digit of 492834874?
4
What is the units digit of 165516811?
1
What is the thousands digit of 6464758282?
8
What is the hundred millions digit of 539740887?
5
What is the millions digit of 353288572?
3
What is the ten millions digit of 181105911?
8
What is the millions digit of 69654743?
9
What is the billions digit of 1429551816?
1
What is the ten thousands digit of 207488555?
8
What is the hundred thousands digit of 511468494?
4
What is the tens digit of 38888589?
8
What is the hundreds digit of 243336405?
4
What is the thousands digit of 13356175?
6
What is the ten millions digit of 4081381254?
8
What is the hundred thousands digit of 1013278213?
2
What is the tens digit of 2517576080?
8
What is the tens digit of 1251238289?
8
What is the thousands digit of 180267934?
7
What is the hundreds digit of 1424444965?
9
What is the millions digit of 288290517?
8
What is the millions digit of 22741996?
2
What is the thousands digit of 276349723?
9
What is the tens digit of 79356092?
9
What is the tens digit of 1777836135?
3
What is the hundred thousands digit of 562939686?
9
What is the units digit of 21654717?
7
What is the hundreds digit of 921691763?
7
What is the hundreds digit of 13054272?
2
What is the hundreds digit of 34846986?
9
What is the units digit of 430704297?
7
What is the ten millions digit of 559923924?
5
What is the ten millions digit of 109317265?
0
What is the ten thousands digit of 2559714067?
1
What is the tens digit of 4642271?
7
What is the hundreds digit of 1727710013?
0
What is the thousands digit of 174927091?
7
What is the ten millions digit of 3967798296?
6
What is the hundred thousands digit of 124405579?
4
What is the millions digit of 543095762?
3
What is the ten millions digit of 25268125?
2
What is the millions digit of 2648865?
2
What is the ten millions digit of 256142648?
5
What is the hundred thousands digit of 23370510?
3
What is the units digit of 397818527?
7
What is the hundred thousands digit of 12635220?
6
What is the millions digit of 11703379?
1
What is the hundreds digit of 98545351?
3
What is the tens digit of 60134839?
3
What is the ten thousands digit of 5130734321?
3
What is the hundreds digit of 211616170?
1
What is the tens digit of 1489010446?
4
What is the ten thousands digit of 65569992?
6
What is the billions digit of 1636584778?
1
What is the units digit of 218433856?
6
What is the tens digit of 28937013?
1
What is the millions digit of 4588816646?
8
What is the thousands digit of 3801167358?
7
What is the units digit of 93684596?
6
What is the units digit of 333348682?
2
What is the thousands digit of 141550878?
0
What is the thousands digit of 710688264?
8
What is the hundreds digit of 117196781?
7
What is the units digit of 338407496?
6
What is the hundred thousands digit of 401343653?
3
What is the ten thousands digit of 100114940?
1
What is the units digit of 4496762?
2
What is the units digit of 63510521?
1
What is the hundred thousands digit of 7134029711?
0
What is the ten millions digit of 17090212?
